e 5*v - 21 = a*v. Let z = 211 + -148. Calculate the greatest common factor of v and z.
7
Let c(b) = b**2 + b + 4. Let j be c(-5). Let r be 4*3/j*34. What is the highest common divisor of 85 and r?
17
Suppose -o + 6 = -0. Let t = 11 - o. Let s(l) = 4*l**2 + 2*l + 3. Let a be s(-2). Calculate the greatest common divisor of a and t.
5
Let d = -20 + 30. Calculate the highest common divisor of d and 25.
5
Suppose 0 = 4*g - n - 433 + 117, 3*g - 248 = -2*n. Let u be (-24)/32 + (-83)/(-4). Calculate the highest common factor of u and g.
20
Let u = 42 + 46. Calculate the greatest common factor of u and 22.
22
Suppose 4*s = d - 0*d - 34, -2*s = 3*d - 74. Let o be d - (0/(-4) - -2). What is the greatest common factor of o and 120?
24
Suppose -8*z + 15 = -3*z. Suppose -a = -z*a + 60. What is the greatest common factor of a and 20?
10
Suppose -4 - 6 = -5*p. Let b(c) = 2 + 2 + 9*c + c**2 - 3. Let l be b(-9). What is the highest common divisor of l and p?
1
Let g(q) = -q**2 - 7*q - 7. Let s be g(-5). Suppose l + 18 = s*l. Let u = 46 + -28. What is the greatest common divisor of u and l?
9
Suppose -46*x + 45*x = -31. What is the greatest common factor of 93 and x?
31
Let h be (-1 + -25)*(0 + -2). Let r be (-1)/(-2*(-3)/(-78)). Calculate the highest common factor of r and h.
13
Let t(b) = 32*b + 1. Let w be t(1). Suppose -4*r + 22 = -2*n, w = 3*r + n + 3*n. What is the highest common factor of r and 28?
7
Suppose t - 19 = -k + 63, k = 5*t + 52. Calculate the highest common factor of 22 and k.
11
Let f = -16 - -16. Suppose 0 = 3*y + 3*l - 192, 8*l - 3*l = f. What is the greatest common factor of y and 8?
8
Let p(t) = -t - 6. Let z be p(-5). Let k be 1 + (z - -2) + 22. Let o(g) = -5*g - 2. Let f be o(-2). Calculate the greatest common factor of f and k.
8
Let z(i) = i**3 + 10*i**2 + 8*i + 5. Let w = -17 + 8. Let t be z(w). What is the highest common factor of t and 98?
14
Suppose 40 = -5*m + 2*p, -4*m - 41 = -3*p - 2. Let o be 3 + m + 16 + -1. Calculate the greatest common divisor of 132 and o.
12
Suppose -4*a + 4*p = -1056, 5*a - 2*p + 0*p = 1311. Calculate the highest common divisor of a and 29.
29
Suppose -2*k + 0*k - 5146 = -3*o, -5*o = -4*k - 8576. Let s be ((-2)/4)/((-13)/o). Calculate the highest common factor of 44 and s.
22
Let k(v) = -v**3 - 6*v**2 - v + 3. Let i be k(-3). Let l = i - -53. What is the greatest common factor of l and 4?
4
Let y(z) = 20*z**2 + 5*z + 5. Let i be y(-2). What is the highest common factor of 30 and i?
15
Let u(b) = -2*b - 2*b + b**2 - 1 + 5*b + 142*b**3 + 0*b**2. Let i be u(1). Calculate the highest common factor of i and 13.
13
Let b be (1/2)/(1/20). Let u(f) = -f**2 - 9*f + 14. Suppose 5*q - l + 39 = q, 5*q + 46 = 4*l. Let h be u(q). Calculate the highest common divisor of h and b.
2
Let p = -8 - -20. Let m be (5*-1)/(1/(-4)). Suppose -m = 5*z, 104 = 2*x + 7*z - 3*z. Calculate the highest common factor of x and p.
12
Let p be 775/15 + (-1)/(-3). Let g be p/(-1 + 2) - 2. Suppose -5*w = -l + 1, 0 = -6*l + 2*l - 3*w + g. Calculate the greatest common divisor of l and 77.
11
Let k(b) = b - 2. Let h be k(5). Suppose -3*d = -h - 12. Calculate the highest common factor of d and 45.
5
Suppose -4*l + 14 = 2*s, -5*l - 2*s = 2*s - 10. Let k = 21 - l. Calculate the greatest common factor of 3 and k.
3
Let r = -16 + 22. What is the greatest common factor of 8 and r?
2
Suppose 6 = 7*i - 1. Suppose -4*s + 0*m = 2*m + 2, 0 = -s + m + 1. Let k = 1 + s. What is the highest common divisor of k and i?
1
Let y = -2 + 2. Suppose d + 2 = -2*c + 11, 4*c + 12 = y. What is the greatest common factor of d and 45?
15
Let a = 18 - 3. Suppose -3*s + a = 0, 0 = -y - 3*s + 76 + 4. Calculate the greatest common divisor of 13 and y.
13
Suppose 0 = 2*a + w - 2, 4*w + 2 = 3*a - 23. Let z = 4 - a. What is the highest common divisor of 1 and z?
1
Let x be 9/3 + -3 - 0. Suppose x*k + 3*k - 9 = 0. Calculate the greatest common divisor of 15 and k.
3
Let n(y) = -y**3 - 4*y**2 - 3*y + 4. Let u be n(-3). Let a be (-410)/(-15) - u/(-6). What is the highest common factor of 42 and a?
14
Let n(o) = -o**3 - 11*o**2 - 8*o + 29. Let u be n(-10). Let g(y) = -y**3 - 2*y**2 - 5. Let l be g(-4). What is the greatest common divisor of u and l?
9
Let w(x) = -x**3 + 8*x**2 - 6*x - 6. Let p be w(6). Calculate the highest common factor of p and 3.
3
Let d be (-1)/(4/(-2))*-2. Let v = 14 + d. What is the highest common divisor of v and 91?
13
Let p = -66 - -116. What is the greatest common divisor of 20 and p?
10
Let h = -4 - -8. Suppose 4*y + 112 = 3*x, 140 = 6*x - 2*x + h*y. Let c(m) = m - 1. Let p be c(5). What is the greatest common divisor of p and x?
4
Suppose -4 = -2*i + 2. Let l be -3 + 22 + (i - 2). Calculate the highest common factor of 30 and l.
10
Let c(s) = 4*s + 5. Suppose -4*g - g - 3 = -4*z, -3*z = -5*g + 4. Let p be c(z). Let k be (1/(-3))/(8/(-264)). Calculate the greatest common divisor of k and p.
11
Let b = -36 + 100. Calculate the greatest common divisor of b and 8.
8
Let l = 4 - 1. Suppose l*r + 2*r = 125. Calculate the greatest common divisor of r and 10.
5
Suppose 2*n - 4*r = r + 18, 4*r = 5*n - 79. What is the greatest common factor of n and 38?
19
Let v = 40 + -24. Suppose -q - 2*q + 18 = 0. Suppose -q*r + 4*r = -128. What is the highest common factor of v and r?
16
Let w be (-5)/(-15) - 29/(-3). What is the highest common factor of 10 and w?
10
Suppose 2 = g + o - 5, -5*o + 14 = -2*g. Let u = -7 - -5. Let w = u + g. Calculate the highest common factor of 4 and w.
1
Let u(s) = -2*s**3 - 11*s**2 + s - 4. Let z be u(-8). Calculate the highest common divisor of z and 44.
44
Let i(h) = -h + 5. Let z be i(4). Calculate the highest common factor of 4 and z.
1
Suppose 4*o = g - 88, -5*g + 2*o = -0*o - 350. Calculate the highest common divisor of g and 34.
34
Let t be (15/(-3) - 0)*6/(-5). Suppose -4*s + 90 = s. Calculate the greatest common divisor of t and s.
6
Let s(l) = -l**2 + 19*l - 42. Let c be s(14). Suppose 0 = 3*z + q - 123, -6 = 3*q - q. What is the highest common divisor of c and z?
14
Let w = 119 + -49. Let s = 213 + -199. What is the greatest common divisor of w and s?
14
Let z(n) be the third derivative of n**4/24 + n**3/3 - 4*n**2. Let l be z(3). Suppose 3*w = 2*w + l. What is the highest common factor of w and 55?
5
Suppose 0*d - 2*d - 6 = 3*a, -5*d = 3*a + 15. Let p be 29 + (d + 2)*1. Calculate the greatest common factor of p and 112.
28
Let n = 11 - -1. What is the highest common divisor of n and 96?
12
Let d be (-2)/(-6) - (-124)/6. Let o(m) = -8*m - 42. Let c be o(-7). What is the highest common divisor of c and d?
7
Suppose 0 = -2*u + 3*u - 61. Let y = 99 + -71. Suppose -a = -5*m + u, 7*a = 2*m + 3*a - y. Calculate the greatest common factor of m and 30.
6
Let n be (-14)/(-4)*2*(-24)/(-14). What is the greatest common divisor of 108 and n?
12
Let n(m) = m + 1. Let p be n(4). Suppose -35 - 65 = -5*a. What is the greatest common divisor of p and a?
5
Suppose -h + 3*h + 12 = 0. Let y(m) = 16*m - 8. Let b be y(-6). Let w be b/(-6) - 4/h. Calculate the highest common divisor of 108 and w.
18
Let r be ((-6)/5)/(9/(-30)). Suppose -r*j + 2*c + 276 = 0, -2*j + 5*c + 282 = 2*j. Let f be 19/114 - (-101)/6. What is the highest common factor of f and j?
17
Suppose 13 = -5*f - 4*o, 5*o + 10 = -2*f - 3*f. Let d be 2 - (f - (-2 + -1)). What is the highest common divisor of d and 32?
4
Suppose 0 = 5*u - 21 - 4. Suppose w = 4*y - 28, -u*y = 2*w + w - 35. What is the greatest common factor of y and 21?
7
Let q = -139 + 159. Calculate the greatest common divisor of q and 25.
5
Let q = 1 + 3. Suppose -u = -q*o - 2, -u + 14 = -0*u - o. What is the greatest common divisor of u and 6?
6
Let i be 3/6*-3*4. Let y(v) = -v - 8. Let c be y(i). Let w = c - -14. Calculate the greatest common factor of 12 and w.
12
Let o be (-3 + -4)/((-1)/7). What is the greatest common factor of 7 and o?
7
Let b(s) = 21*s**2 + 2*s + 2. Let m be b(2). What is the highest common factor of 10 and m?
10
Let b(u) = -2*u**3 + u + 14 + 0*u**2 + 3*u**3 - u**2. Let h be b(0). Suppose -5 - 5 = -5*i. What is the greatest common factor of i and h?
2
Let b = 22 - 0. Let m = 15 - 10. Suppose m*n = 4*n + 55. What is the highest common factor of n and b?
11
Let a(s) = 60*s - 9. Let k be a(2). What